divisor of t and z?
6
Suppose -33*o + 192 = 63*o. What is the greatest common factor of o and 1870?
2
Suppose -19*q + 113 - 18 = 0. Suppose q*b - 3*p - 798 = -5*p, 3*b - p - 481 = 0. Calculate the highest common factor of b and 240.
80
Let b(i) = -2*i**3 - 24*i**2 + 25*i - 11. Let p be b(-13). Let y(w) = w + 78. Let v be y(-20). Calculate the highest common factor of v and p.
2
Suppose 4*m + 3*d = 230, -4*m - 2*d = -3*d - 238. Suppose m - 115 = -2*j. What is the greatest common divisor of j and 700?
28
Suppose 4*d - 4*b = 8, 3*d + 4*b - b = 18. Let c = d - 1. Suppose -c*n + 153 = -846. What is the greatest common factor of 37 and n?
37
Let h(t) = 48*t - 2. Suppose -2*a + 0*a = 3*w - 4, -3*w = a - 8. Let o be h(w). What is the greatest common divisor of 5 and o?
5
Let b(i) = 2*i**2 + 48*i - 37. Let a be b(-25). Let p(q) = 21*q - 4. Let w be p(7). Calculate the highest common divisor of w and a.
13
Suppose 19712 = 69*r - 13*r. Calculate the greatest common factor of 160 and r.
32
Let z = 427 - 401. Suppose -5*t + 5*d = -590, -z*d = -4*t - 31*d + 481. What is the greatest common divisor of 34 and t?
17
Suppose 0 = 5*q + 5*o - 16875, 3*o + 691 = q - 2692. What is the highest common factor of q and 77?
11
Let o = -699 + 702. Suppose 0 = -27*j + o*j + 39168. Calculate the highest common factor of j and 51.
51
Suppose -10*f = -4*f. Suppose f = -2*o - 35 + 61. Calculate the highest common divisor of o and 117.
13
Let b = 9 + -8. Let x be (-14)/(-2) - (b - 4). Let v(h) = 2*h**3 + 36*h**2 - 77*h + 4. Let k be v(2). Calculate the greatest common factor of k and x.
10
Let i = 254 - 150. Let m(d) = -36*d - 213. Let x be m(-7). Calculate the greatest common factor of x and i.
13
Let s be 11/((-13)/(1092/(-36)) + 200/(-483)). What is the highest common divisor of s and 33?
33
Suppose -g - m + 143 = 3*m, g + m = 137. Suppose 3*j - 150 = 4*k, 5*j - 6*k - 267 = -5*k. What is the highest common divisor of j and g?
27
Let k(z) = 2*z**2 + 7*z + 84. Let s be k(-7). Suppose 14*t + s = 231. Let d = -37 - -114. What is the highest common divisor of d and t?
7
Suppose -5*g + 32 = -2*o, -g - 4 = -2*o - o. Let c = 20 - g. Suppose 4*v = s - 9, 0 = s - 2*s + 3*v + c. Calculate the greatest common divisor of s and 189.
21
Suppose 3*v + 2086 = 5*b - 0*v, 844 = 2*b + 2*v. Let n = b + -163. Suppose -9*d + 5*d + n = 0. What is the greatest common factor of 16 and d?
16
Let a(c) = -12*c + 124. Let r be a(10). Suppose -3*o + 5*h = -80, 0 = r*o - h - h - 130. Calculate the greatest common factor of 455 and o.
35
Let d be 7/2*(-244 - -252). Calculate the highest common divisor of d and 1436.
4
Suppose -6863 = -5*t + 8*i, 3*i = 4*t - 1559 - 3945. Calculate the greatest common factor of 1576 and t.
197
Suppose 21 - 21 = 7*m - 63. Calculate the greatest common divisor of 1896 and m.
3
Let g = 239 - 520. Let i = 294 + g. What is the highest common divisor of i and 481?
13
Suppose 4*d - 5*l - 17 = 36, -d + 10 = 2*l. Let n be ((-13)/(104/d))/((-1)/6). Calculate the highest common divisor of 18 and n.
9
Suppose 36*d = 33*d + 27. Suppose 4*j + d*z - 12*z - 525 = 0, 3*j + 5*z - 401 = 0. What is the highest common factor of j and 18?
6
Suppose -27*x = 19*x - 322. Suppose x*t - 911 = 629. Calculate the greatest common factor of 165 and t.
55
Suppose 1754 = 3*f - p, 3*f - 1367 - 389 = -p. Calculate the highest common factor of 9 and f.
9
Let p be -2 - 260 - -6 - 0/4. Let k be ((p/3)/2)/((-20)/120). What is the highest common divisor of k and 8?
8
Let j = 40922 + -40890. Calculate the highest common factor of 404 and j.
4
Suppose -4203664 = -568*j + 1974472. What is the greatest common divisor of 219 and j?
73
Suppose 2*h + 153 = 2*a + 29, 0 = 4*a - 16. Let p = 93 + h. Let r be (-4)/(-7) + 4374/63. What is the highest common divisor of r and p?
35
Let q(c) = 5*c**2 - 3*c**2 + 431*c - 438*c + 6. Let g be q(4). What is the greatest common factor of 20 and g?
10
Suppose -5*g + 43 = -32. Let l = -146 + 145. Let n be (400/(-60))/(l/3). Calculate the greatest common divisor of n and g.
5
Let v(c) = -2*c**2 + 25*c + 30. Let f be v(13). Suppose 0 = 14*l - f*l + 372. Let m = l + -97. What is the greatest common divisor of m and 27?
27
Let s be ((-3)/(-2))/(7*3/1764). Suppose 9*q + s = 11*q. What is the greatest common divisor of 7 and q?
7
Suppose -l = -4, 3*l - 23 - 11 = -o. Let y be 3/(-2)*(-4)/3. Suppose p - 6 = -0*p + s, -y*s = -10. What is the highest common divisor of p and o?
11
Let b = 3428 - 3390. What is the greatest common divisor of b and 551?
19
Let r be ((-16)/(-18))/4 + 475/171. Suppose 0 = r*c - 4*n + 80, -c - n = -5*n + 32. Let x be 3/c*-22 - 2/(-8). Calculate the highest common divisor of x and 6.
3
Suppose -370*p + 2262 = -357*p. Calculate the greatest common divisor of 3567 and p.
87
Suppose u = 3*i - 335, -112*u + 111*u = i - 113. Calculate the highest common divisor of i and 756.
28
Let r = 97 - 86. Suppose 8*v = r*v - 210. Calculate the greatest common factor of 238 and v.
14
Let b be 12/10*(-10810)/(-69). Let v be 8/14 - (-840)/245. Calculate the highest common divisor of b and v.
4
Suppose 3*t - 23 = -5*r, 0 = r - 4*t - 25 + 2. Let q = r - -28. What is the greatest common divisor of q and 7?
7
Let k = 1047 - -19649. Calculate the highest common factor of k and 104.
104
Suppose 5*c = -s - 2*s, -2*s + c = 0. Suppose s = y - 4 - 16. What is the highest common divisor of y and 40?
20
Suppose 2*b - 454 = -4*c, 8*c - 3 = 5*c. Suppose 13*h + 17 = b. What is the greatest common divisor of 496 and h?
16
Suppose 6643 = 6*u + 11*u - 7722. What is the greatest common factor of u and 15886?
169
Let j = 6 + 50. Let h be (-3)/(-6)*(-56)/(-1). What is the greatest common divisor of j and h?
28
Let z be 13*-1*(-10)/(-60)*-6. What is the greatest common divisor of z and 9529?
13
Suppose 2414 = i + 4*y, -3*i - 16*y = -11*y - 7207. Calculate the greatest common factor of 1482 and i.
114
Suppose -2*d + w - 44 = 0, 3*d - 2*w = d - 44. Let q = d - -59. Let r = q + 40. Calculate the highest common divisor of 11 and r.
11
Suppose -46*j = -37*j - 819. What is the greatest common factor of j and 329?
7
Suppose 0 = -802*h + 805*h + 18. Let t(j) = 2*j**2 + 5*j - 12. Let n be t(h). What is the highest common factor of n and 135?
15
Suppose -2*a + 6 - 2 = 0. Let p be (2/(-4)*2)/(a/(-10)). Let l be (-56)/((-2 + p/2)/(-1)). What is the greatest common factor of l and 168?
56
Let v(z) = z**2 + 40*z + 654. Let y be v(-46). Calculate the greatest common divisor of 150 and y.
30
Let g = 1164 - 868. Calculate the highest common factor of 444 and g.
148
Let s = 420 - 111. Let x = s + -229. What is the highest common divisor of 32 and x?
16
Let w(y) = 6*y**3 + 9*y**2 + 26*y - 24. Let c be w(5). What is the highest common factor of 423 and c?
47
Let u(i) = 4*i - 12. Let s(y) = 13*y - 36. Let l(q) = -4*s(q) + 14*u(q). Let x be l(8). Calculate the highest common factor of x and 56.
8
Suppose 2*w - 86 = -5*r, w - 28 = -2*r - 3*w. Suppose -5*k - 2*s = -1250, -424 = -3*k - 4*s + 312. Calculate the greatest common factor of k and r.
18
Suppose -55*u + 46*u = -153. Let t(l) = 2*l**2 - 33*l - 16. Let v be t(u). Suppose 0 = 3*b - 13 + 1. What is the greatest common factor of b and v?
1
Let y = 303 - 305. Let n be (-1830)/(-30) + (y - -4). What is the greatest common factor of n and 99?
9
Suppose -3*z = -9 - 3. Suppose 3*c = 3*k + 2*k + 233, 4 = -4*k. Suppose 2*l + 2*p - c = 0, 5*l - 127 - 55 = -p. Calculate the highest common factor of l and z.
4
Suppose -20*a = -8*a - 3840. Suppose 0*d - 4*d + 2*q + a = 0, -3*d + 246 = -3*q. Calculate the highest common divisor of 195 and d.
39
Suppose 7*q = 1800 + 412. What is the highest common divisor of q and 1343?
79
Let y be (324/66)/((-38)/(-2299)). What is the greatest common divisor of y and 3456?
27
Suppose -276*k + 281*k - 435 = 0. What is the highest common divisor of k and 15?
3
Suppose 2465 - 15954 = -329*q. What is the highest common factor of 246 and q?
41
Let c(a) = -228*a**2 - 1424*a + 6. Let t be c(-5). Calculate the highest common divisor of 124 and t.
62
Suppose 3*z = 7*q + 7*z - 904, 3*q - 411 = 3*z. What is the greatest common divisor of q and 968?
44
Suppose 26 + 19 = 9*y. Suppose 2*b + 0*t = 4*t + 130, 0 = y*b + 3*t - 286. Calculate the greatest common factor of b